- g*k. Calculate the remainder when m is divided by 22.
20
Let x(o) = -o**2 - 18*o - 25. Suppose -4*w - 42 = -w. Let i = w + 30. What is the remainder when x(-12) is divided by i?
15
Let j(k) = 3*k**3 + 0*k - 2*k**3 + 12*k**2 - 3 - 16*k - 7*k**2. What is the remainder when (-112)/(-6) - (-2)/6 is divided by j(-7)?
8
Let z = 17 + -3. Suppose 124*r - 125*r = -z. Calculate the remainder when 52 is divided by r.
10
Let t be 9*3/9 + 1. Suppose -3*b + 199 = 5*f, -5*f - 134 = -t*b + 108. Calculate the remainder when b is divided by 16.
15
Let t be 144/7 + (-12)/(-28). Suppose 1 = n - 3*s - t, -n + 5*s = -16. What is the remainder when n is divided by 11?
9
Let q = 102 - 85. Calculate the remainder when 117 is divided by q.
15
Suppose -4*b - 3*d + 2*d = -1939, 0 = 4*b - 3*d - 1959. Calculate the remainder when b is divided by 71.
60
Suppose 3*z - 62 = -3*k - 2*k, 14 = 3*k - 4*z. Let o = 195 + -132. Suppose 11*w - o - 234 = 0. Calculate the remainder when w is divided by k.
7
Let o be (-12)/4 - (-3 + 1). Let f(h) = -h + 1. Let k be f(o). Suppose -k*r + r = -22. What is the remainder when 63 is divided by r?
19
Suppose 3*x - 81 = -0*h - h, -5*x - 5*h + 135 = 0. Let t = 8 - -6. What is the remainder when x is divided by t?
13
Suppose -31*p = -38*p + 252. What is the remainder when 173 is divided by p?
29
Suppose 22*s + 880 = 27*s. What is the remainder when s is divided by 20?
16
Suppose 2*q = 4*t - 50, 5 = t - 4*q - 18. Let l = 15 - t. Suppose -l*z + 155 = z. What is the remainder when z is divided by 16?
15
Suppose 3*x + 0 = -6. Let o = x - -15. Let g(u) = 7*u + 7. What is the remainder when g(6) is divided by o?
10
Suppose 10 = -o - 4*o. Let z be (-2)/(-3)*(-24)/o. Calculate the remainder when z/10*(-50)/(-20) is divided by 2.
0
Let c(b) = 3*b**2 - 4*b + 6. Suppose 109*x - 1389 - 211 = 9*x. What is the remainder when c(5) is divided by x?
13
Suppose 5*c = -q + 193, 3*c + 22 - 143 = 2*q. Let h = 44 - c. Suppose 0 = 4*y + h*w - 148, -4*y + 5*w = -12 - 96. What is the remainder when y is divided by 12?
8
Let b be 2 - (-3 - 10/(-2)). Let p = 21 - 16. Suppose b = -p*s - 4 + 69. What is the remainder when s is divided by 8?
5
Calculate the remainder when 45 is divided by 63/(-14) + 1/2 - -12.
5
Suppose -3*c + 2*c = -4. Let r be 2 + 1/(-1) + c. Suppose w + 68 = r*w. What is the remainder when w is divided by 10?
7
Let s be (-1 - -4) + (-50)/(-25). Suppose 2*k + 5*c - c = 180, s*k - 444 = -4*c. Calculate the remainder when k is divided by 24.
16
Suppose 0 = q - 3*u - 64, 128 = 234*q - 232*q - u. Calculate the remainder when q is divided by 1.
0
Suppose 3 + 28 = 5*l + 4*z, 3*l + 3 = 3*z. What is the remainder when 15 is divided by l?
0
Let a = 5 - -6. Let f = -108 - -55. Let s = 81 + f. Calculate the remainder when s is divided by a.
6
Suppose -m - 2*o = -48, -5*o + 204 = -6*m + 10*m. Suppose m = -8*r + 12*r. Calculate the remainder when 40 is divided by r.
12
Suppose -1042 - 596 = -18*b. Calculate the remainder when 1362 is divided by b.
88
Let m = 443 - 427. What is the remainder when 252 is divided by m?
12
Let h(q) = 2*q**2 + 3*q + 2. Suppose 5 = t - 7. Suppose -3*s + 5*o = -30, 0 = s - 4*o - t + 2. Calculate the remainder when h(3) is divided by s.
9
Let w(x) = x**3 - 9*x**2 + 5*x - 17. Let p be w(8). Let n = -22 - p. Calculate the remainder when n is divided by 6.
1
Let g = 14 - 13. Let r be 1/((g/50)/1). Suppose 5*f + 2*s - 200 = 0, -4*f = s - r - 113. What is the remainder when f is divided by 11?
9
Let d(r) = -r**3 - 16*r**2 - 25*r + 53. What is the remainder when 43 is divided by d(-14)?
10
Suppose 3*k - 39 = 6. Let m = 20 - k. Suppose 0*q + 38 = q - t, 3*q - m*t - 112 = 0. Calculate the remainder when q is divided by 10.
9
What is the remainder when -4*1/(-12)*822 is divided by 12?
10
Let o = 0 - -19. Let y be (-23)/2 + 2/4. Let p(r) = r**2 + 5*r + 7. Calculate the remainder when p(y) is divided by o.
16
Let i(q) = q**2 - 4*q - 16. Let w be i(-12). Suppose 0*l - 3*l = -3*c - 117, -4*c - w = l. Let z = 64 + c. What is the remainder when 61 is divided by z?
19
Suppose 0 = 125*o + 10321 - 59321. Calculate the remainder when o is divided by 22.
18
Suppose 12*y - c + 239 = 15*y, -3*y + 214 = -4*c. What is the remainder when y is divided by 9?
6
What is the remainder when ((-15)/(-6))/((-2)/(-20)) is divided by 13?
12
Let n = -26 + 31. Let p(k) = k**3 - 6*k**2 + 6*k - 5. Let c be p(n). Suppose c*t - t = -8. What is the remainder when 30 is divided by t?
6
Let c(i) = -2*i - 11. Suppose 4*n - 54 - 14 = 0. Let s be c(n). Let r = -23 - s. What is the remainder when r is divided by 8?
6
Let i(c) = -2*c + 21. Let v be i(9). Suppose 0 = -v*s + 54 + 69. Calculate the remainder when s is divided by 11.
8
Let i(v) = v**2 + v - 4. Let x = -124 + 160. What is the remainder when i(-11) is divided by x?
34
Let u(r) = 3*r**2 + 3*r + 4. Let v = 14 + -17. Let l = 41 - 29. Calculate the remainder when u(v) is divided by l.
10
Suppose -6*p = -2*p + 36. Let t = 34 + p. Calculate the remainder when t is divided by 9.
7
Let j = -548 + 550. Calculate the remainder when 71 is divided by j.
1
Let g = -105 + 172. Suppose 5*z - g = 268. Suppose 4*n - 37 = 2*n - 3*a, -63 = -4*n + 5*a. What is the remainder when z is divided by n?
16
Let m = 17 - 13. Calculate the remainder when (-12*124/(-60))/(m/10) is divided by 8.
6
Suppose -5*v + 49 + 296 = 0. Calculate the remainder when v is divided by 12.
9
Let u(r) be the third derivative of -1/20*r**6 + 2*r**2 + 0 + 0*r**5 + 0*r**4 + 0*r - 1/3*r**3. Calculate the remainder when u(-2) is divided by 24.
22
Calculate the remainder when (-96 - 70/7)/(-1) is divided by 33.
7
Let g = 62 + 1. Let c(o) = 11*o + 574. What is the remainder when g is divided by c(-51)?
11
Let l be (-5 + 7)/(2/(-7)). What is the remainder when 4*(4 - 3) - l is divided by 4?
3
Suppose 408 = 4*v + 296. Calculate the remainder when 2/3 - (-650)/6 is divided by v.
25
Let l = 1713 + -1680. What is the remainder when 47 is divided by l?
14
Suppose -3*l = 3*v - 11 - 34, 4*l + 12 = 0. Suppose -5*j + o + 322 = 0, -3*o - 34 + 303 = 4*j. What is the remainder when j is divided by v?
11
Let w(q) = q**3 + 4*q**2 + 2*q - 2. Let l(n) = -n - 15. Let o be l(-12). Let c be w(o). What is the remainder when 65 is divided by (1 - 3) + 24 + c?
19
Let o be 58 - (-5)/((-25)/10). Let k = o + -25. What is the remainder when k is divided by 7?
3
Suppose -4*p - 22 = -34. Suppose -245 = -2*f - p*f. Calculate the remainder when f is divided by (-4)/(-6)*15*1.
9
Suppose -w + 20 = -7. Calculate the remainder when 103 is divided by w.
22
Let n be 8 - (5 + -3)/(-2). Let t be -15*(3 + (-24)/n). What is the remainder when 47 is divided by (1 - t/(-3))*-18?
11
Let v = -457 - -467. What is the remainder when 166 is divided by v?
6
Calculate the remainder when 100 is divided by 2*-36*(-3)/8.
19
Let m be (-5)/((-10)/6) - 125. Suppose -10 - 2 = -2*j. What is the remainder when m/(-8) - 12/(-16) is divided by j?
4
Suppose 3*h + 5 = 8, 3*p + 5*h - 11 = 0. Suppose 50 = p*w + 3*w. Suppose 5*t - 2*s - 82 = 0, 0 = -4*t + 4*s + 56. What is the remainder when t is divided by w?
8
Let q be (16/(-6))/(-4)*3. Suppose -4*p - n = -6*n - 80, 4*p - 80 = -q*n. Calculate the remainder when 98 is divided by p.
18
Suppose 0 = -2*k + 6*k + 2*l - 40, 0 = -3*l - 6. Suppose -2*c = -k - 23. Calculate the remainder when 99 is divided by c.
14
Suppose 134 = 4*o - 2*l, 5*l - 38 = -o + 1. Calculate the remainder when 303/3 + 0/2 is divided by o.
33
Suppose -8*y = 19*y - 297. Calculate the remainder when 24 is divided by y.
2
Let w = -590 + 890. Let t = 170 + -166. Suppose -5*x - t*y = y - w, 4*y + 256 = 4*x. Calculate the remainder when x is divided by 16.
14
Suppose 49 = 2*a - 3*d, 0 = -2*d + 10. Suppose 2*m - 31 - 28 = -5*l, 0 = -3*l + 15. Calculate the remainder when a is divided by m.
15
Suppose -33*b + 48 = -30*b. Suppose -2*j - z + b = -0*z, 4*z + 6 = 2*j. What is the remainder when 27 is divided by j?
6
Let p be -3 - -4 - -3*1. Suppose -11 = p*n - 119. Let q = -12 + n. What is the remainder when 58 is divided by q?
13
Let b = -12 + 58. Calculate the remainder when b is divided by (3/4 - 89/(-4)) + -5.
10
Let j = 328 + -178. What is the remainder when j is divided by 17?
14
Calculate the remainder when (2618/10)/1 - 4/5 is di